 is 16 + (85 - ((-20 - -23) + 11)) + -6?
81
Evaluate 2 + 14 + -14 - (-104 - -60).
46
24 + 18 + (-48 - -15) - -20
29
What is 26 + (-2 - (-2 - (10 + -1))) - -10?
45
Evaluate -66 + (23 + -1 - -31).
-13
(-6 - 21) + (8 - ((14 - -2) + (-34 - -24)))
-25
Evaluate 15 - (4 + 9 + 43) - 22.
-63
Calculate -91 - ((37 - 23) + -6 + -4 - (-2 + 1)).
-96
What is -22 + (49 - -53) + (21 - 19)?
82
What is -7 - -7 - 17 - (-92 + 14 - -18)?
43
15 + -5 + 4 - (12 - (-95 + (-6 - -10)))
-89
Evaluate -108 - (-52 + (12 - -4) + 15).
-87
Calculate -25 - ((-23 + 50 - 24) + -20).
-8
Calculate (-105 - ((23 - 19) + -32)) + 15.
-62
Evaluate (2 - ((12 - (-2 + 18)) + -7)) + -5.
8
Calculate -8 + 5 + 6 + (45 - 1) + -8.
39
What is (1 + -1 - -89) + (-57 - (-47 + 12 + -10))?
77
What is the value of (-4 - 56) + (609 - 614)?
-65
Calculate 18 + (-7 - (12 + -50) - 15).
34
What is the value of 25 + (-18 + -7 + 32 - 13)?
19
Calculate -2 + 3 + 10 - ((-6 - 9) + 40).
-14
Calculate -61 - 40 - -70 - (45 + -1).
-75
What is the value of 7 + 0 - 18 - (-6 + 6 - 3)?
-8
What is the value of 0 + -49 - (163 - (-159 - -333))?
-38
What is -6 + -96 + (162 - 62)?
-2
Calculate (-121 - -84) + 17 + -2 + -32.
-54
What is 12 + -38 + -2 + 6 + 0 - -15?
-7
What is 160 + 2 + -200 + 181 - (12 + 9)?
122
What is the value of (-6 - (5 + 5 + -13 + 1)) + (-22 - -13)?
-13
Evaluate (1 + -16 - (24 - 8)) + 6.
-25
What is the value of (-50 - (30 - 101)) + -86?
-65
-1 + 43 + (-170 - (-265 + 67))
70
-6 + -13 + 16 + 12 - (0 + 0 + -13)
22
What is the value of (11 - -2 - 3) + (14 - (-46 + 45))?
25
What is the value of (3 + (29 - (11 - -6)) - -2) + 47?
64
Evaluate 13 - (8 + (18 - 21) - -26).
-18
Calculate (-22 - -3) + 20 - (19 + -12 + 91).
-97
What is -97 + (-9 - -30) + 6 + -43?
-113
Calculate -26 - (-66 - -23 - -23 - 0).
-6
Calculate 44 - (30 + -141 + 94).
61
-127 - (33 + -80) - 21
-101
What is 71 - (-25 - (-147 - -129))?
78
What is the value of 8 + (-214 - (-187 + 81))?
-100
What is 6 - (4 + (11 - (9 - 10) - 11))?
1
What is (6 - 28) + 41 + -86 + 75?
8
What is the value of 60 + (-19 - -35) + -64?
12
What is (-33 - 4 - 5 - -120) + -5?
73
What is the value of (-6 - 7) + 20 + 5 - 51?
-39
Evaluate -28 - (-35 + -20 - -13) - 16.
-2
(-16 - -96) + -65 - (3 + -3)
15
What is 54 + -57 + -2 + -10 - -8 - (0 + -45)?
38
Calculate (-21 - 7) + 31 + 11.
14
What is the value of (4 - (125 + 2 + (-144 - -145))) + -8?
-132
What is 9 + (-25 - -18) + -12 + -10 + 26?
6
Evaluate 6 + -1 + -6 + 58 + -52.
5
7 - (-4 - -6) - (-26 - -18) - 51
-38
(10 - (22 + 9) - -33 - 23) + -129 + -2
-142
Evaluate 39 + -133 + 30 - 12.
-76
What is (-160 - -168) + (11 - (10 - 19))?
28
126 + 3 + -1 + (4 - -28) + (173 - 193)
140
Evaluate 47 - (-50 + (33 - (-15 - -7))).
56
Calculate (3 - 53) + (25 - 10) + (4 - 12) + 16.
-27
Evaluate 19 + (-40 + 59 - (41 - 0)) + -17.
-20
What is (-1 - -11) + 30269 + -30388?
-109
Calculate (3023 - 3109) + (0 - -53).
-33
Calculate 43 + -38 + 9 + (8 - 55) + 4.
-29
Calculate 7 - (-2 + 5 + 11) - (-25 + 5 + -1).
14
What is the value of (-7 - -1) + -9 + -17 + -5?
-37
Calculate -1 + (-39 - -46 - 9).
-3
What is the value of -2 + 88 + 0 - ((390 - 260) + -150)?
106
What is 0 + -33 + (-2 - 13) + -2 + 18?
-32
Calculate -1 + (1 - -88) + (-55 - (-30 - 19)) + -3.
79
-15 + (-32 - 14 - -28) - 39
-72
-36 - ((-1 + 3 - -9) + -7 - 6)
-34
Calculate (-4 + 1 - (45 - 52)) + (-3 - -3) + -41.
-37
What is the value of -32 - -59 - (16 - 19) - -9?
39
Evaluate -23 - (-12 - -15) - (1 - (4 - 5 - 2)).
-30
What is (1 + 4 + -3 - -6 - -3) + (-157 - -126)?
-20
What is -33 + (0 - (2 - (15 - 0)))?
-20
Calculate -7 - ((-4 + -2 - (-15 - (0 + -9))) + 19).
-26
Calculate (45 - 31) + (-3 - (-17 - -10)).
18
What is -2 - 6 - 2 - (20 + -20 + 6 + 41)?
-57
What is the value of (-37 - -1 - (-783 + 761)) + -70?
-84
(29 - (-18 - -31)) + -5 - -26
37
Evaluate -184 - (-176 - -25) - (-3 + 1).
-31
-99 + (166 - 29) + (0 + 0 - 2)
36
Calculate -45 + 0 - (530 + -491).
-84
Evaluate 51 + (-28 - (-12 - -31)).
4
What is 10 - (1233 - 1236 - ((2 - 2) + 44))?
57
What is (4 - -78) + 1957 + -1997?
42
Calculate 17 - (-1 + -4 - ((31 - -23) + -20)).
56
Evaluate -20 - (-80 - -19 - -4 - 27).
64
Calculate -12 - -66 - (7 + 23 - 2).
26
-17 + (22 - 1) - (-1 + -1 - 6 - 1)
13
Evaluate (6 + -7 - ((21 - 21) + 11)) + -2 + 3.
-11
What is the value of -35 - ((10 + -13 + -4 - 8) + -5)?
-15
What is (76 - 29) + (-37 - -1)?
11
What is the value of 38 + (-56 - (-64 - -110))?
-64
What is -1 + -17 - (-84 + 119)?
-53
-1 + 65 + (1540 - 1664)
-60
What is -87 + 1 + (0 - 0 - -7) + 143 + -160?
-96
45 + -151 + 29 + -44 + 2 + 1 + 3
-115
Evaluate -21 + (-4 - -7) + -24 - (-6 + -2).
-34
Evaluate (36 - 36) + (-23 - -4) + 63.
44
What is (-52 - 59) + 25 - -27?
-59
Calculate 89 + (9 - -1) + (-1017 - -1006).
88
What is the value of (-75 - -54 - -7) + 54?
40
Calculate 7 + -1 + 515 + -514.
7
What is the value of -11 - -10 - ((-1 - (1 - 8 - -13)) + -28)?
34
What is the value of -541 + 340 + -3 + 128?
-76
What is -109 - (4 + 26 + -2 + -12 + (-3 - 0))?
-122
What is (24 - 26) + -1 + -4 - (-15 - -59)?
-51
Calculate (-13 - -62) + (-137 - -99).
11
2 - (-7 + (23 + -2 - -4))
-16
Calculate -28 + 4 + (-27 + 12 - (-12 + 5)).
-32
What is the value of (15 - 23) + -9 + 26?
9
Calculate 105 - (3 - -1) - (6 - -23 - (6 + 26)).
104
Calculate (3 - (4 + 10) - (-360 - -350)) + -104.
-105
(-123 + 98 - (-26 + 8)) + 15 + (-3 - -8)
13
What is the value of (0 + (4 - 3) - 1) + (-422 - -451)?
29
-426 + 387 + (-6 - 42)
-87
Evaluate 2919 + -2919 - (-3 + -35).
38
(47 - 27 - (0 - -72)) + (2 - -8)
-42
Evaluate 3 - (107 - 63) - (9 + 10).
-60
Evaluate -2 + -10 - (25 + 17 - 137).
83
Calculate 32 + -47 + (-5 - -8) + -2 + 66.
52
What is -13 - 35 - (65 + -29)?
-84
Calculate -91 + 9 + (1 - -15 - 11).
-77
Evaluate -1 + (72 - 1) + -2 + (-94 - (497 + -591)).
68
Evaluate 0 + -1 - 19 - -26 - 82.
-76
What is the value of (-95 - 0) + 4181 + -4140?
-54
Evaluate -41 - ((-33 - -16) + -5).
-19
Evaluate 1 + -29 + (36 - 163) + 118.
-37
Evaluate 15 - 15 - -24 - (-1 + -4).
29
Evaluate -1 - 1 - (2626 - 2593).
-35
Calculate 3 + -13 + 9 + -4.
-5
What is the value of -1 + -53 + 63 + (0 - 1 - 5) + -41?
-38
Evaluate 47 - (-37 - 3 - -47).
40
Calculate -13 + (10 - -3) + -26.
-26
Calculate 496 + -482 + (-3 - ((0 - -3) + -1) - 6).
3
What is -66 - (-7 - ((-6 - -1) + (-95 - -106)))?
-53
(-20 - (48 + -32)) + -5
-41
What is the value of -55 + -1 + (-9578 - -9611)?
-23
Calculate 3 - (-99 + 81 - (24 - -6)).
51
Calculate (-20 + (7 - -17) - 8) + 2 + (69 - -1).
68
Calculate 13 - (-6 - 5 - -40).
-16
-14 + -2 + 1553 + -1535
2
Evaluate -4 + -31 + -4 - (-171 + 158).
-26
What is -13 + 5 - -3 - (1188 - 1242)?
49
What is (10 + -64 - -11) + (11 - -11) + 38?
17
What is the value of -133 - -100 - (-38 + 3)?
2
(27 + -17 + -31 + 32 - (-2 - -18)) + 16
11
What is -47 + 221 + (-192 - -117)?
99
5 + -8 - (639 - 598)
-44
Calculate (67 - 6 - 45 - (-76 - 0)) + -5.
87
What is the value of 12 + 1 + -166 + -33 + 125?
-61
Evaluate 45 + -69 + -53 - -141.
64
Evaluate (0 - 9 - 3) + (-147 + 170 - (40 + -1)).
-28
-1 + (-2 - (45 - 0)) + (533 - 534)
-49
Calculate -109 + (-75 - -6) + 52.
-126
What is the value of (7625 - 7631) + (48 + -1 - 1)?
40
What is the value of (0 + -16 - (1 - 22) - -12) + 1?
18
Calculate 12 + (18 - -5) - 65.
-30
Evaluate -34 + (15 - (-1 + 13)) + -13.
-44
What is the value of 92 + (49 - (83 - 9))?
67
Evaluate 19 - (7 + (-13 - -4) + 36 + -20).
5
Calculate 46 + -3 + (8 - 4) - (8 + 13 + -5).
31
Calculate (-1 + -4 - (28 + (-100 - -56))) + -89.
-78
Evaluate -56 - 77 - -75 - (-1 - (11 + 0)).
-46
Calculate 2 + -15 + (-4 - -15) + -6 - (139 - -6).
-153
-1 - (-64 + -5 + 26) - -15
57
What is 6 - 15 - (5 + -78 + -2) - 6 - 0?
60
What is the value of 1 + 19 + (2 - (1 + -4)) + -22?
3
-6 + (-65 - -12 - 12)
-71
Calculate -114 + 61 + 188 + -100.
35
Evaluate 36 + -98 + 121 - -1.
60
-65 + 2 - (3458 + -3531)
10
16 + -39 + (13 - 1) - (-16 - -21)
-16
Evaluate 198 + -189 - (19 - 16 - (-5 - -55)).
56
What is 27 - (-1 + 10 - (-1685 + 1705))?
38
Calculate -14 + (37 + 4 - 13) - (15 - 3) - -96.
98
What is -14 - -2 - (-10 + (-11 - -5) + -67)?
71
2 - (2 - 17) - (-733 - -723)
27
What is -46 - (-1 - 88 - -44)?
-1
Calculate 16 + 12 + -28 + (1 - 26) - 13.
-38
Evaluate -56 - (69 + (8 - 69)).
-64
What is the value of -61 - ((-18 - -5) + (8 - 10 - -2))?
-48
16 - ((0 - 15) + -2 + (2